 remainder when k is divided by ((-8)/(-6))/((-4)/(-12)).
3
Let m = -1 - 1. Calculate the remainder when (m/(-7))/((-2)/(-28)) is divided by 4.
0
Suppose 30 = -2*k + 108. Suppose 0 = d - j - 7, 2*d - 5 = j + 12. What is the remainder when k is divided by d?
9
Let v = -71 - -100. Calculate the remainder when v is divided by 10.
9
Let r(t) be the second derivative of t**3/6 + 17*t**2/2 + 3*t. What is the remainder when 9 is divided by r(-14)?
0
Calculate the remainder when ((-111)/12)/((-1)/4) is divided by 8.
5
Calculate the remainder when 18 is divided by -2 + (3 - 12)/(-1).
4
Let u = 51 + -29. What is the remainder when u is divided by 4?
2
Let p(d) = -4*d - 10. Let q(s) = -11*s - 30. Let b(t) = -17*p(t) + 6*q(t). What is the remainder when 17 is divided by b(8)?
5
Let t(c) = -c**2 + 11*c - 9. Suppose -2*k - 3*k = 4*r - 70, 5*k - 30 = 4*r. Let u = -6 + 7. What is the remainder when u is divided by t(k)?
0
Let c(m) = -m**3 - m + 39. Suppose -5*w + 71 = 1. What is the remainder when c(0) is divided by w?
11
Suppose 5*x - 3*g + 89 = 418, 2*x - 2*g = 130. What is the remainder when x is divided by 24?
19
Let s(t) = -t**3 - 11*t**2 - 1. Let m be s(-11). Let i = 4 + m. Suppose 0 = i*l - 4 - 11. Calculate the remainder when l is divided by 4.
1
Let p(t) = -3*t - 18. What is the remainder when p(-10) is divided by 8?
4
Suppose 2*m - 3*m = -2. Let k = 3 - m. Calculate the remainder when 50 is divided by 18*(3 + -2) - k.
16
Let s = 42 - 35. Calculate the remainder when 8 is divided by s.
1
Let q = 5 - -1. Suppose -3*a + q = -33. Calculate the remainder when a is divided by 4.
1
Suppose 9*f - 307 = -82. Calculate the remainder when 48 is divided by f.
23
Suppose -6*s + 28 = -2*s. Calculate the remainder when 25 is divided by s.
4
Suppose -4*x + 8 = -0. Let r be 0*(-1 - 3/(-2)). Suppose r = x*o + 9 - 21. Calculate the remainder when 17 is divided by o.
5
Suppose 3*l - 3*s = 216, 5*l = -2*s + 4*s + 351. Calculate the remainder when l is divided by 14.
13
Suppose 3*j + 5*b = 4*j - 8, -5*b - 5 = 0. What is the remainder when 6 + (-6 - -2) + 6 is divided by j?
2
Suppose 0*i - 3*i - 9 = 0. Calculate the remainder when 27 is divided by 104/12 + (-4)/i.
7
Let q(n) = n**3 + 3*n**2 - 3*n. What is the remainder when q(-3) is divided by 3?
0
Let t be (-16)/(-2) + -2 + -1. Suppose t*y - 4*d = d + 200, -2*y + d = -80. What is the remainder when y is divided by 14?
12
Suppose -4*y + 21 + 19 = 0. What is the remainder when y is divided by 4?
2
Suppose 4*r + 4*c = 84, 0 = -3*r - 4*c - c + 71. What is the remainder when 48 is divided by r?
14
Let w be ((-7)/2 - -3)*0. Let i(d) = 1 + 8*d + 10*d + w. Calculate the remainder when i(1) is divided by 7.
5
Suppose 3 = 3*r + 15, -a = -2*r + 1. What is the remainder when 99 is divided by 68*(a/(-2) + -4)?
31
Suppose 0 = 5*t + 2*j + j - 65, -5*j = 2*t - 45. What is the remainder when t is divided by (-40)/(-7) + (-8)/(-28)?
4
Let v(j) = -j**2 + 10*j. Let n be v(10). Suppose n = w - 159 + 50. Calculate the remainder when w is divided by 28.
25
Let i(x) = x**3 + x**2 + x - 1. Let j be i(1). Suppose 2*f - 46 = j*c, -131 = -f - 4*f + c. Calculate the remainder when f is divided by 7.
6
Suppose -r = -3*z - 65, -4*z + 86 = 2*r + z. Let a = -20 + r. What is the remainder when a is divided by 7?
5
Let d(z) = 2*z**2 - 9*z - 1. Let h(f) = -5*f + 2. Let g be h(-1). Let j(r) = -r**3 - 5*r**2 + 4*r. What is the remainder when d(g) is divided by j(-6)?
10
Suppose -226 = -11*o + 555. What is the remainder when o is divided by 21?
8
Suppose -3*o - 3 - 9 = 0. Let j = o + 7. Calculate the remainder when 9 is divided by j.
0
Suppose 2*v = -4*o + 3*v + 12, 0 = 5*o - v - 16. Calculate the remainder when 7 is divided by o.
3
Suppose 4*v + 70 = 9*v. What is the remainder when 41 is divided by v?
13
Let u(o) be the third derivative of o**5/60 - 7*o**4/24 + 5*o**3/6 - 8*o**2. What is the remainder when 37 is divided by u(8)?
11
Suppose 0 = 9*v - 13*v + 52. Calculate the remainder when 46 is divided by v.
7
Let j(r) = -2*r**3 - 2*r - 1. Let n = 0 - 1. What is the remainder when 4 is divided by j(n)?
1
Suppose 2*j + 122 = 4*j + 2*y, -4*j - y = -229. Suppose -4*b - j = -6*b + 2*n, 4*b + 4*n = 88. Calculate the remainder when b is divided by 9.
7
Let i be 99 - (3 - 1) - 2. Let k = i - 59. Suppose 5*v = 4 + k. Calculate the remainder when 23 is divided by v.
7
Suppose h = -0*h - 4*c + 79, -5*h - 5*c + 455 = 0. What is the remainder when h is divided by 14?
11
Let v(g) = -2*g - 16. What is the remainder when 29 is divided by v(-16)?
13
Let d = 9 + -6. Let a = -8 + 10. Suppose -2*l = -d*n + 6, -2*n + 7*n + a*l - 10 = 0. What is the remainder when n is divided by 2?
0
Let p = 19 + 1. Let c = p - -3. Calculate the remainder when c is divided by 13.
10
Let c = -64 + 69. What is the remainder when 19 is divided by c?
4
Suppose 0 = n - 18 + 4. Calculate the remainder when (-5092)/(-95) + 2/5 is divided by n.
12
Suppose -6 = 3*j - 18. Suppose -14 - 2 = -j*x. Calculate the remainder when 29 is divided by 30/x*(-2)/(-1).
14
Let v be ((-1)/2)/((-6)/456). Suppose 5*p = v + 32. Calculate the remainder when 53 is divided by p.
11
Let l = 44 - 30. Calculate the remainder when 24 is divided by l.
10
Calculate the remainder when (-2)/3 + (3616/(-12))/(-8) is divided by 10.
7
Let l(b) = b**3 + 2*b - 4. Suppose u + 3 = 4*u - 2*a, u = a. Calculate the remainder when l(u) is divided by 6.
5
Calculate the remainder when 99 + (-1 - 0) + -3 is divided by 14.
11
Suppose -m - 36 = -3*m + 4*t, -3*t + 22 = 2*m. Let l = 67 - 26. What is the remainder when l is divided by m?
13
Suppose -12 + 2 = 2*g. Let m = g + 11. What is the remainder when m is divided by 2?
0
Suppose r - 5*u + 28 = 0, -3*u - 36 = 4*r - 4*u. Let k = -11 + 5. Let s = k - r. What is the remainder when s is divided by 2?
0
What is the remainder when 127 is divided by 24/(-56) - (0 - 115/7)?
15
Let y be ((-4)/6)/(2/6). Let t be ((-15)/y)/(1/(-38)). Calculate the remainder when t/(-25) + (-4)/10 is divided by 6.
5
Suppose -2*y - 119 = -9*y. What is the remainder when y is divided by 10?
7
Suppose -4*l = 4*v - 56, 3*l - 9 = -5*v + 43. Calculate the remainder when l is divided by 6.
3
Suppose -39 = 3*q - 75. Let o be (-4)/(-2) - 0 - 2. Suppose o*b = -3*b + q. What is the remainder when b is divided by 3?
1
Let j(g) = -g**2 + 13*g - 5. Let w be j(6). Let h = -5 - -25. Let b = w - h. Calculate the remainder when b is divided by 9.
8
Let o = -2 + 11. Calculate the remainder when 1/(18/300)*(-3)/(-2) is divided by o.
7
Let z(k) = -k**3 + 9*k**2 - 5*k + 16. Calculate the remainder when z(7) is divided by 30.
19
Let c(t) = 4*t**2 - 20*t + 15. What is the remainder when c(8) is divided by 29?
24
Suppose 0 = 7*h - 5*h - 106. What is the remainder when h is divided by 14?
11
Suppose s - 4*s = -12. Suppose 55 = -5*z + 4*p + 175, 0 = -s*z - 3*p + 65. Let o(f) = 9*f**2 - 2*f - 1. What is the remainder when o(-2) is divided by z?
19
Let k = -85 - -122. Let x = -16 - -36. Let n = x + -1. What is the remainder when k is divided by n?
18
Let t(d) = 2*d - 6. Let c be t(5). Let m(s) = 9*s - 7*s + s - c. Calculate the remainder when 50 is divided by m(7).
16
Let d = -148 - -212. Suppose -5*m = 7 + 3, 2*p - 4*m - d = 0. Let r(h) = 13*h + 2. What is the remainder when p is divided by r(1)?
13
Let v = -1 + 5. What is the remainder when ((-68)/(-12) - 3 - 3)*-15 is divided by v?
1
Let g = 20 - 5. Let y be 2*(-9)/6*-1. What is the remainder when (1 - y)/((-2)/43) is divided by g?
13
Let n = -3 - -4. Let j(k) = 15*k**2 + 7*k**2 - k + 14*k**2. What is the remainder when j(n) is divided by 12?
11
Let f = 2 - 1. Let v(u) = u**2 - 9*u + 15. Calculate the remainder when v(7) is divided by f.
0
Let m(d) = -d**2 - 17*d + 3. Let o = 6 + 1. What is the remainder when m(-16) is divided by o?
5
Let p = 278 - 176. What is the remainder when p is divided by 21?
18
Suppose -d = -17 + 6. Calculate the remainder when d is divided by 7.
4
Let w(r) = r**2 - 4*r. Let f(i) = i + 4. Let s be f(0). Let d be w(s). What is the remainder when 8 is divided by d - (-6 - (-2 - -1))?
3
Suppose -p = -b + 13, 2*b + 2*p = -b + 44. Let l = b + -11. Suppose l*c - 5 = 31. What is the remainder when c is divided by 7?
5
Suppose -9 + 221 = 2*g. What is the remainder when g is divid